 Let n(r) = -2*r. Let z be n(-1). Suppose 0 = -3*a - 3*c + 66, -a - z*c + 64 = 2*a. Suppose -10*k + 5*k + a = 0. Calculate q(k).
1
Suppose -2*j - 3*o = 6, 0 = 2*o - 0*o. Let v = 1 - j. Let k(q) = 3*q**2 - 20*q - 24. Let t(n) = -n**2 + 7*n + 9. Let z(s) = 4*k(s) + 11*t(s). Calculate z(v).
7
Suppose 0 = 2*o - 3*y, 11*o - 7*o = 4*y - 8. Let n(w) = 2*w**3 + 14*w**2 + 14*w + 18. Give n(o).
6
Suppose 7*o - 5*q = 8*o - 12, -o = -5*q + 28. Let y(z) = -z**3 - 9*z**2 - 6*z + 11. Give y(o).
-5
Let l(b) = -7*b**2. Suppose i = 3*i - 6. Let j(d) = -3 - 2*d**2 + d**3 + 4 - 2*d**2 + 3*d. Let a be j(i). Determine l(a).
-7
Let q(i) = -5*i + 3. Let t(m) = -2*m + 1. Let u(s) = -q(s) + 5*t(s). Calculate u(-2).
12
Let q = -919/2 + 460. Let m(d) be the first derivative of -3 + q*d**2 + 0*d. Calculate m(-3).
-3
Let l(m) = -3*m + 420 - 138 - 138 - 144. Calculate l(-2).
6
Let b(c) = 6*c**2 - 4*c + 1. Let y = -10 - -6. Let a be ((-10)/(-3))/((-4)/(-3) + -2). Let o(n) = -5*n**2 + 3*n - 1. Let s(m) = a*o(m) + y*b(m). Determine s(0).
1
Let o be (14 + 0)*4/14. Suppose 0 = f + o*s + 6, -4*f - s = 3*s. Let h(i) = -10 - 7*i - 2*i**2 + 5 + f*i**2 + i**2. Calculate h(7).
-5
Suppose -f + 5 + 10 = -5*r, -5*r = 20. Let l(w) = 4*w - 6. What is l(f)?
-26
Let n = 24 + -13. Suppose 0 = m - 5*m + 2*p + 10, -4*m + 3*p = -n. Suppose -1 - 1 = -m*b. Let a(g) = 2*g. Calculate a(b).
2
Let g be 1*(39/(-4) - -10). Let m(b) be the third derivative of 0 + 3*b**2 + 0*b + g*b**4 + 1/2*b**3. Determine m(-2).
-9
Let y(r) be the first derivative of 9 + 9*r - 1/4*r**4 - 5/3*r**3 + 7/2*r**2. Suppose -l = 4*l + 30. Calculate y(l).
3
Let o(h) = -h**3 - 10*h**2 + 11*h + 2. Suppose 5*y - 4 = -2*m + m, -2*y + 4 = m. Suppose -3*q = g + 17, m*g + 32 = -3*q - 18. Determine o(g).
2
Let x(u) be the first derivative of u**5/20 - 2*u**4/3 - 4*u**3/3 - 3*u**2/2 - 10*u + 25. Let j(c) be the first derivative of x(c). Calculate j(9).
6
Let s(y) = 2*y**3 - y**2 + y. Let c be (-10)/(-15)*2/((-12)/(-9)). Let x be s(c). Let m(n) = -n**2 - 3*n**3 - 2 - n**2 + 5*n**3. Give m(x).
6
Let m(s) = s**2 + 2*s - 2. Suppose -174*v = -164*v + 50. Give m(v).
13
Let c(v) = -v**3 - 7*v**2 - 5*v + 4. Suppose 11 = 5*z - 4. Suppose z = -j - 3. What is c(j)?
-2
Let o be (-1)/(-4) + 3/36. Let j(s) be the first derivative of -o*s**3 + 4 - s**2 - s. Determine j(-2).
-1
Let p(i) be the third derivative of 0 - 1/60*i**5 + 1/24*i**4 + 0*i + 9*i**2 - 1/6*i**3 + 3/20*i**6. What is p(1)?
17
Let v(i) be the first derivative of -6*i**2 - 3*i - 43. What is v(-2)?
21
Let g(c) = -2*c + 2. Let l(i) = i + 5. Let r be l(0). Suppose 2*m - 5 = r*v, -2*v + 0*m - 5*m + 27 = 0. Let u(d) = -3*d**2 + 1. Let f be u(v). Calculate g(f).
6
Suppose -7*z = -3*z + 36. Let s(n) = -10*n**3 - 16*n**2 + 15*n + 1. Let g(u) = 7*u**3 + 14*u**2 - 7*u. Let x(w) = 3*g(w) + 2*s(w). Determine x(z).
2
Suppose i - 30 = -4*i. Suppose 4*x = -i - 2. Let a(w) be the second derivative of w**3/3 - w**2/2 - 431*w. Calculate a(x).
-5
Let z = -26 + 25. Let r(x) be the second derivative of -x**3/6 - 2*x**2 + 2*x. Let t(d) = 1. Let y(h) = -r(h) - 3*t(h). Give y(z).
0
Suppose -4*c - 3*q = 110, -3*c - 56 = -c + q. Let v = -31 - c. Let m(u) = 2*u**2 + 2*u - 1. Determine m(v).
3
Let h(f) = -6*f**2 - 7*f + 6. Let p be (-90)/(-20) + -5 - 6/(-4). Give h(p).
-7
Let j(i) be the first derivative of -i**2/2 - 11*i + 97. Calculate j(-4).
-7
Let f(v) be the third derivative of -v**5/60 - v**4/24 - 2*v**3/3 + 6*v**2. Let a = -21 - -17. Determine f(a).
-16
Let m = 713 - 707. Let n(z) be the first derivative of z**2/2 - 8*z - 2. Give n(m).
-2
Let d(v) = v**2 + 3*v - 1. Let k be d(-3). Let b(w) = w - 6. Let a be b(10). Let s(r) = a*r - 3*r + 2*r**2 - 4*r + 2*r - 1. What is s(k)?
2
Let l(y) = -558 + 234 + y + 185 + 189. What is l(0)?
50
Let n = 21 + -15. Let v(p) be the first derivative of -1/2*p**2 - 1 - n*p. What is v(0)?
-6
Let m(f) = f**2 - f - 10. Let r be (-7)/5 + 231/165. What is m(r)?
-10
Let w(l) = 1 + l**2 + 37*l - 34*l + 3 + 0*l**2. Determine w(-4).
8
Let g(n) = -24*n - 21. Let h be g(-1). Let f(b) = b**3 - 3*b**2 + 2*b + 1. What is f(h)?
7
Let w(k) = k + 1. Suppose 3*i - 304 = -2*x, -i = 4*i - 20. Let t be ((-1)/(-3))/(x/21 + -7). What is w(t)?
-6
Let r(x) = -39*x - 161. Let o(c) = -10*c - 42. Let u(q) = -23*o(q) + 6*r(q). Suppose 4*z - 3*v - 16 = -1, z - 4*v - 7 = 0. Suppose 0*a + 3 = z*a. Give u(a).
-4
Let y(l) be the third derivative of l**6/120 - l**5/10 - l**4/24 - 5*l**3/6 + 64*l**2. Calculate y(6).
-11
Let i(j) = -j**2 - 4*j - 2. Let l(h) = -h**3 + 6*h**2 + 6*h + 10. Let q be l(7). Let n be 8/q*6/(-4). Let g(v) = -v**2 - 4*v - 3. Let o be g(n). Calculate i(o).
1
Let b(z) = -34*z - 238. Let k be b(-7). Let g(r) be the third derivative of r**5/60 - r**4/24 - 10*r**3/3 - r**2. Determine g(k).
-20
Let k(o) = 4*o**2 - 12*o**2 - 5*o + 1 + 4*o**2 + 6*o**2 + o**2. What is k(3)?
13
Suppose 6*x = x + 15. Let b(k) = -2*k + k + k - x - 4*k + k**2. Give b(-2).
9
Let h(q) be the first derivative of q**5/60 + q**4/12 - 5*q**3 + 12. Let m(i) be the third derivative of h(i). Determine m(-5).
-8
Suppose -4*u = -3*j, 2*u + 0*u + 3*j - 18 = 0. Let g(p) = -3*p**3 + 2*p**2 + 2 + 20*p**u - 3. Calculate g(-1).
-16
Suppose 2*h + 26 = 3*b, 5*h + 32 = b + b. Let o = 8 - b. Let r be (-8 + -6)*(-1)/o. Let l(q) = q - 3. What is l(r)?
4
Let r(s) = 2*s**3 + 73*s**2 - 117*s - 107. Let y be r(-38). Let q(f) = -2*f**2 + 13*f + 8. Calculate q(y).
1
Let n(y) = y**2 - 4*y - 3. Let q = 259 - 255. Let h be (3 - 2)/(2/4). Suppose -q*l = -h*l - 8. What is n(l)?
-3
Let a(u) be the third derivative of -u**4/24 - 3*u**3/2 + u**2. Suppose 285 = -4*j + 253. Give a(j).
-1
Suppose 184 = -5*s + 229. Let k(x) = -3*x + 8. Calculate k(s).
-19
Suppose -231 = -8*i + 609. Let l be 10/i*7*-3. Let d(c) be the third derivative of c**6/120 + c**5/20 + c**4/24 - c**3/3 - c**2. What is d(l)?
0
Let y(r) = 0 - 2 + 5 - r - 2. Let o be -2 - 66/(-36) - 25/(-6). What is y(o)?
-3
Let t(m) = 2*m + 4. Let r(d) = -d - 3. Let n be (6/(-4))/(3 + (-33)/10). Let w(l) = n*r(l) + 4*t(l). Give w(2).
7
Let x(s) = s**3 - 9*s**2 - 8*s - 23. Suppose -27 - 3 = -3*t. Let r be x(t). Let n(o) = 3*o + 4. Determine n(r).
-5
Suppose -7*f + 8 = -5*f. Suppose -b + 9 = -0*b - f*n, 0 = -b - n - 6. Let c(u) = -1 - u + 2 + 1. Give c(b).
5
Suppose -136*r + 18*r - 826 = 0. Let p(y) = 2*y**2 + 17*y + 17. Determine p(r).
-4
Let i(q) be the first derivative of q**4/4 - 10*q**3/3 - 10*q + 423. Calculate i(10).
-10
Let s(g) = -g**3 + 6*g**2 - g + 7. Suppose 8 + 8 = 4*m. Let u be (100/m)/5 - -1. Determine s(u).
1
Let t(p) = -2*p**3 + 7*p**2 - p - 1. Let z be t(3). Let k(s) be the first derivative of -s**4/4 + 7*s**3/3 - 5*s**2/2 - 7*s - 4. Determine k(z).
18
Let q(v) be the second derivative of 2/3*v**3 + 15*v - 5/2*v**2 + 0 - 1/12*v**4. Suppose 5*b + 16 = -y, 3*y + y = -5*b - 4. What is q(y)?
-5
Let h(o) = -2*o**3 + o**2 + 2*o - 2. Let z(u) = -5*u**3 + 4*u**2 + 6*u - 5. Let i(a) = -8*h(a) + 3*z(a). Let t = 4 - 6. Determine i(t).
5
Let f(i) = 31*i**2 - 7*i - 6. Let y(o) = 11*o**2 - 2*o - 2. Let r(t) = -6*f(t) + 17*y(t). Calculate r(-9).
11
Let r(l) = -l + 1. Let k(h) = -4 + 1 - 2*h + 3*h. Let b = 75 + -70. Let d(w) = b*r(w) + 3*k(w). What is d(4)?
-12
Let c be ((-7)/10)/(-7) - (-4)/10. Let y(a) be the second derivative of -1/2*a**2 - c*a**3 + a + 0. Give y(2).
-7
Let x(i) = i**2 - 7*i - 4. Let q be x(8). Suppose -o + 2*m = 4, o = q*o - 3*m + 18. Let g be 6 + o - (2 + -9). Let t(w) = w - 7. What is t(g)?
-2
Suppose -3*j - k = -5, 0 = 5*j + k - 6*k + 5. Let a(c) = 12*c**2 + 0*c**2 + j - 5 - c**3. Give a(12).
-4
Let b be 3 + 2 - (-147)/(-7). Let j(y) = -y**2 - 16*y. Determine j(b).
0
Let u(f) be the first derivative of -f**2/2 - 9*f + 1155. Suppose 2*x + 3*x + 35 = 0. Determine u(x).
-2
Let s(w) = -w**2 - w + 3. Let q(b) = -4*b**2 + b - 1. Let i(h) = -q(h) - s(h). What is i(4)?
78
Let c(v) = -462*v + 136*v + 154*v + 150*v - 3. What is c(-1)?
19
Let k(f) = f**3 + 8*f**2 + 2. Let g be k(-8). Suppose -5*w = 15, -g*i = -6*w + 2*w - 20. Suppose -i*z + 8 = 16. Let t(v) = v + 4. Determine t(z).
2
Let q(t) = t**2 + 6*t - 2. Suppose -4 - 26 = -3*w. Let b be (w/(-4))/((-5)/(-10)). What is q(b)?
-7
Let d(q) be the first derivative of q**4 + q**3/3 - 148. Suppose -4*m = -5 + 1. Give d(m).
5
Let x(b) = b**3 